p*n. Suppose c = n*x + 2*c - 18, 24 = 4*x - 4*c. What is the remainder when 14 is divided by x?
2
Let r(g) = -g + 8. Let v be r(8). Suppose 3*m - 189 = -v*m + a, a - 121 = -2*m. Let j = 39 - 30. Calculate the remainder when m is divided by j.
8
Let j(k) = -4*k**2 + 0*k**3 + 0*k + 15*k**2 - k**3 - k + 14. Suppose -28 + 11 = -m. Calculate the remainder when m is divided by j(11).
2
Let j = 39 - 39. Suppose j = -o + 4*x - 39, -4*o + 3*x - 156 = 6*x. What is the remainder when (o/2)/((-15)/50) is divided by 17?
14
Let m be (-19)/((-24)/(-27) + -1). Let c = m - 95. Suppose -2*n + v + c = 3*n, -4*n - 5*v = -84. Calculate the remainder when 78 is divided by n.
14
Suppose -39 = -17*u + 12. Suppose -4*z = u*l + 11, 0 = -4*z + 5*l - 1 - 2. Calculate the remainder when 83 is divided by z/1 + (42 - 26).
13
Suppose -4*d - 105 = 3*b - 458, 373 = 4*d - b. Calculate the remainder when 1264 is divided by d.
68
Let x = 351 + -213. Suppose 4*n = -38 + x. Calculate the remainder when 323 is divided by n.
23
Let i = -15742 - -15817. Calculate the remainder when 10121 is divided by i.
71
Let f(q) = -19*q**2 - 6*q + 1. Let h be f(3). Let a = h - -244. Calculate the remainder when a is divided by 12.
8
Suppose 18*k - 658 + 244 = 0. What is the remainder when k is divided by 16?
7
Suppose 5*w = 108 + 27. Suppose 2*n - 3*n = -4. What is the remainder when w is divided by (5/n)/((-10)/(-120))?
12
Let b = -171 + 394. Suppose 3*s + b = 244. Calculate the remainder when 104 is divided by s.
6
Calculate the remainder when 22 is divided by 411/60 - 112/(-64) - (-3)/(-5).
6
Let v be (1/(-5))/(0 + (-1)/10). Suppose -5*u = -v*b - 83, 4*u - 22 = 3*u - 5*b. Calculate the remainder when (-96)/(-2) + 2/(-2) is divided by u.
13
Let z = 1293 + -1261. Calculate the remainder when 958 is divided by z.
30
Suppose -5*q - j + 1063 = 0, 8*q = 4*q + 2*j + 842. Calculate the remainder when q is divided by 79.
54
Suppose -3434 + 806 = -6*i. Suppose -159*g - i = -165*g. Calculate the remainder when g is divided by 15.
13
Suppose -609 = 40*v - 38*v - j, -2*j = -2*v - 604. Let r = 316 + v. Suppose k - 34 = -4*f, f - 28 = -k - 0*f. What is the remainder when k is divided by r?
8
Suppose y = -y + 28. Suppose 0 = 220*l - 215*l. Suppose l*r + 10 = 5*r. What is the remainder when y is divided by r?
0
Let y(j) = j**3 - 8*j**2 + 40*j + 48. What is the remainder when y(19) is divided by 46?
41
Suppose -73*n + 80*n = 95*n - 415272. Calculate the remainder when n is divided by 16.
15
Suppose -320 = 5*c - 3*v, -5*c - 320 = -4*v + 2*v. What is the remainder when -2*(-3 - 159/6) is divided by 7*(c/(-28) - 0)?
11
Suppose f + 22 = 25. Suppose f*j - m - 94 = -0*m, -3*j = m - 104. Suppose 24 = -2*v + 152. Calculate the remainder when v is divided by j.
31
Let t(o) = 418*o - 3557. Calculate the remainder when t(9) is divided by 65.
10
Calculate the remainder when (-69)/(-46)*4*195/9 is divided by 28.
18
Let q(h) = 5*h + 69. Let j be q(-13). Suppose j*u = -2*z + 22, z + z = 3*u + 29. Calculate the remainder when 372 is divided by z.
8
Suppose x + 5 = 0, 5*r - 1290 = 387*x - 382*x. Calculate the remainder when r is divided by 71.
40
Let c(y) = -y**3 - 6*y**2 + 2*y + 17. Let i(d) = d**3 - 13*d**2 + d + 1. Suppose -a + 91 = 6*a. What is the remainder when c(-7) is divided by i(a)?
10
Suppose -4*x - 5*m + 75 + 428 = 0, x - 2*m - 129 = 0. What is the remainder when x is divided by 22?
17
Suppose 472*x - 5*z - 53 = 470*x, -4*x - 5*z + 181 = 0. What is the remainder when 5341 is divided by x?
37
Suppose -v = 3*p - 147, 57 = p + 4*v - v. What is the remainder when p is divided by 65/15 + -2 + 1711/87?
4
Let m(t) = 13*t**2 - 37 + t - 7*t - 5*t + 86 + t**3. Calculate the remainder when 18 is divided by m(-14).
4
Let q(f) = -9*f + 14. Let g be q(8). Let n = -30 - -56. Calculate the remainder when 16/(-6)*(g - -10) is divided by n.
24
Let x = -583 - -583. Suppose -53*q - 1728 + 5862 = x. Calculate the remainder when 464 is divided by q.
74
Let g(o) = -4*o**3 - o**2 + 24*o + 127. What is the remainder when g(-9) is divided by 67?
66
Let h be 74/4*(3 + -37). Let y = h - -642. Calculate the remainder when 99 is divided by y.
8
What is the remainder when 685 is divided by 46640/396 + (-6)/(-27)?
95
Suppose -3*f = -5*u + 63, u + 45 = -2*f - f. Let p(x) = -x**2 - 12*x + 47. Let l be p(f). Calculate the remainder when 110 is divided by (-2)/l - (-236)/17.
12
Let w be (-12)/42 - 1726/(-14). Suppose w - 459 = -4*f. Calculate the remainder when f is divided by (-87)/(-2)*(-6)/(-9).
26
Let d(k) = -3*k**3 - 12*k**2 + 16*k + 9. Suppose -3*i = -4*h - 27, -3*h + i - 22 = -3*i. What is the remainder when d(h) is divided by 19?
15
Suppose -1 = 2*c - 31. Let q be (-9)/6*(-176)/12. Let j(y) = y**2 - 22*y + 6. What is the remainder when c is divided by j(q)?
3
Calculate the remainder when 5704 is divided by (((-1)/(-2))/(53/(-16801)))/(2/(-4)).
315
Let i = -387 + 456. Calculate the remainder when 221 is divided by i.
14
Suppose 4 = -2*s + 8. Suppose 4*h - s*h - 2*q = 48, 28 = 2*h + 2*q. Suppose 137*x - 48*x - 6497 = 0. What is the remainder when x is divided by h?
16
Let p = -15326 + 19085. What is the remainder when p is divided by 10?
9
Let w(l) = -3*l**2 + 11*l + 5. Let v(a) = 5*a**2 + 4*a + 3. Let c be v(-1). Let x be w(c). What is the remainder when (119/14)/(x/6) is divided by 6?
3
Let z(x) be the second derivative of -x**4/12 + x**3/6 + 5*x. Let f be z(0). What is the remainder when 55 - (-5)/15*f is divided by 19?
17
Let j(g) = g**2 - 13*g - 13. Let a(h) = -38*h + 350. Calculate the remainder when j(17) is divided by a(9).
7
Let o be 6*(5 - (-85)/(-15)). Let m be -2*169*2/o. Suppose 4*p - 75 = m. What is the remainder when p is divided by 32?
29
Let o = -2992 - -5312. Calculate the remainder when o is divided by 51.
25
Let n(g) = g**2 + 12*g + 25. Let y = -140 + 118. What is the remainder when n(y) is divided by 62?
59
Let c(l) = l**2 + 14*l + 7. Let y be c(-9). Let f(d) = -2*d**2 - 23*d - 6. Calculate the remainder when 25/5*y/(-5) is divided by f(-11).
3
Suppose 23*d - 28*d + 90 = 0. Suppose -5*m + 3*m - 3*q = -3, 2*q - d = -4*m. Let k = -42 + 47. What is the remainder when m is divided by k?
1
Suppose x - 4*c = 26, 4*x + 4*c - 28 = 2*x. What is the remainder when ((-6)/8)/((-2)/(-20)*(-2400)/33920) is divided by x?
16
Suppose 0 = 70*s + 85*s + 44*s - 398. Let y(c) be the first derivative of 2*c**4 - c**3/3 + 5*c**2/2 - 9*c + 1. What is the remainder when y(s) is divided by 8?
5
Suppose -4 = -3*g - 79. Let c = g + 33. Calculate the remainder when 21 is divided by (c/(-16))/(2/(-36)).
3
Let y be (-7 + 0)*32/(-112). Suppose -128 - 123 = -5*l - z, l + y*z = 52. Suppose 27*c = 32*c - l. Calculate the remainder when 58 is divided by c.
8
Suppose -2718*g + 2781*g - 1162 = 791. Calculate the remainder when 2754 is divided by g.
26
Suppose 316*d = 309*d + 1141. What is the remainder when d is divided by 60?
43
Suppose 4*g - 3*l = 3938 + 1449, 5*l = -3*g + 4033. What is the remainder when g is divided by 27?
23
Let y = 43010 + -42621. Calculate the remainder when 1952 is divided by y.
7
Suppose 523*s - 5*r - 4455 = 520*s, 0 = 2*s + 2*r - 2970. Calculate the remainder when 1513 is divided by s.
28
Let j(l) = -1491*l - 350. Calculate the remainder when 2292 is divided by j(-1).
10
Suppose -42*i + 1884 = -2610. What is the remainder when i is divided by -3 - (-2)/(6/51)?
9
Suppose 9*h - 13*h = -4*t + 664, -5*t + 810 = 5*h. Calculate the remainder when t is divided by ((-225)/(-18) + 4)*2.
32
Let g be (7 - 54/4)*-4. Let b(r) = -3*r + 94. Calculate the remainder when 58 is divided by b(g).
10
Let a(l) = 9*l**3 + 26*l**2 - 286*l + 18. Calculate the remainder when a(7) is divided by 74.
9
What is the remainder when 9/(-30)*(-150)/15 is divided by 2?
1
Let z(r) = r**2 + 7*r - 55. Calculate the remainder when z(-17) is divided by 47.
21
Let v = 11023 - 10985. What is the remainder when 186 is divided by v?
34
Let d = -336 + 612. Let a be (-82)/(-615) - (0 + 3844/30). Let m = d + a. What is the remainder when m is divided by 38?
34
Let g = 128 + -126. Suppose -7*a + 9*a + 3*v - 94 = 0, 0 = a - g*v - 54. What is the remainder when 52 is divided by a?
2
Suppose -3*w = 3*o - 33, 4*o - w - 45 = o. Let r = 44978 - 44844. Calculate the remainder when r is